(-4)*(-2)/i. Calculate the remainder when 4 is divided by 3 + 1/1*d.
0
Suppose -3*p - 2*u + 0*u = -58, -3*p - 5*u = -73. Let y(b) = -b**2 + 6*b - 2. Let x be y(6). What is the remainder when 45*((-12)/9 - x) is divided by p?
14
Suppose -2*t - 3*t = -15. Suppose 4*j + 78 = 7*j + p, -t*j = 5*p - 78. Calculate the remainder when j is divided by 9.
8
Let p(r) = -r + 1. Let w be ((-10)/15)/((-6)/(-9)). What is the remainder when 44/10 + (-4)/10 is divided by p(w)?
0
Let f(k) = k**3 + 5*k**2 - 6*k + 2. Let m be f(-6). Suppose -m*q + 16 = 2*q. Calculate the remainder when 10 is divided by q.
2
Suppose 5*y - 5 = 15. Suppose 2*n = -10*m + 5*m - 33, -2*n = -y*m - 12. Let c = -3 - m. What is the remainder when 2 is divided by c?
0
Let c(h) = h**2 + h - 1. Let s be 0 - 0/(-2 + 5). Suppose s = 5*r - 20 - 5. What is the remainder when c(r) is divided by 8?
5
Suppose 0 = -5*g + 3 - 8. Calculate the remainder when (0 - (-45 + g)) + 2 is divided by 17.
14
Let w(m) = -10*m - 10. Calculate the remainder when 39 is divided by w(-3).
19
Let m = 63 - 45. Calculate the remainder when 70 is divided by m.
16
Suppose -8*f + 4*f - 4 = 0, 2*n - 45 = 3*f. Suppose s - 21 = -2*s. Let h = 18 - s. Calculate the remainder when n is divided by h.
10
Let n(j) = -8*j - 13. Calculate the remainder when 107 is divided by n(-5).
26
Suppose -3*w = x + 4*x - 165, 3*w + 4*x = 165. Suppose -3*c = -425 - w. Suppose -c = -2*d - 3*d. What is the remainder when d is divided by 11?
10
Let m = 5 + -4. Calculate the remainder when 40 is divided by (m - (-33)/9)*3.
12
Suppose -4*d = 2*i - 76, -5*i - 19 = 1. Calculate the remainder when 41 is divided by d.
20
Let o(w) = w**3 - 6*w**2 - 2*w + 7. Let b be o(6). Let q = 8 - b. Let y = -2 + q. Calculate the remainder when y is divided by 6.
5
Suppose -5*x = -2*p - 28, 16 + 5 = 4*x - 3*p. Calculate the remainder when 14 is divided by x.
2
Let c(i) = 4*i - 24. Suppose -k + 2*v - 3*v = -40, -2*k = 5*v - 83. What is the remainder when k is divided by c(11)?
19
Let g = -1 - -14. Calculate the remainder when 24 is divided by g.
11
Calculate the remainder when 19 is divided by 3 - (-2)/(-2)*-1.
3
Let c be (-1)/(0 - 3/(-15)). What is the remainder when 1/(-1)*c + -1 is divided by 3?
1
Let b(c) = -c**2 - 26*c - 19. Calculate the remainder when 35 is divided by b(-25).
5
Let v be (12/(-15))/(1/(-5)). Suppose -v*j - 14 = -98. Calculate the remainder when j is divided by 8.
5
Calculate the remainder when 48 is divided by (-25 + 0 + 0)*(2 + -3).
23
Let k = 78 + -66. What is the remainder when 35 is divided by k?
11
Let m be (-9)/4*32/(-12). Suppose 3*w = -0*w + m. Let n(a) = 6*a**2 - 2. Calculate the remainder when 65 is divided by n(w).
21
What is the remainder when 141 is divided by 0/(-1) + (-6 - -2)*-12?
45
Let g(m) = m + 13. Let l = -24 - -9. Let q be 6/l - 4/(-10). Calculate the remainder when g(q) is divided by 8.
5
Suppose -l + 19 = -3*o, o + 1 = -4*l + 12. Calculate the remainder when 15 is divided by l.
3
Suppose -n + 0*n = m - 40, -34 = -n - 4*m. Let b = 3 - -6. What is the remainder when n is divided by b?
6
Let t = 31 - -16. Calculate the remainder when t is divided by 25.
22
Let p = -14 + 18. Suppose p = v + v. Suppose 2*a = 5*u - 9, 0*a + 5*u - 27 = -4*a. What is the remainder when a is divided by v?
1
Calculate the remainder when 21 is divided by -1*(-2 + 5) + 15.
9
Suppose 15*n - 109 = 311. What is the remainder when n is divided by 8?
4
Let r(w) = -2*w + 15. Let o(y) = -y - 1. Let q(u) = 3*o(u) + r(u). Calculate the remainder when q(-10) is divided by 21.
20
Let a(s) = s + 8. Let l = 2 - 3. Let u = 5 - l. Calculate the remainder when a(15) is divided by u.
5
Let c(a) = 3*a**2 + 70*a + 38. What is the remainder when 73 is divided by c(-23)?
13
Let t = 10 - -7. Let i = 3 - 2. Let z = t - i. What is the remainder when 61 is divided by z?
13
Suppose -4*l + 3*y = -130, 0 = 4*y + y + 10. Suppose 3*u - l - 65 = 0. Let j = 36 - 19. What is the remainder when u is divided by j?
15
Suppose -c = -2*c + 24. What is the remainder when c is divided by 2?
0
Let v = 14 - 1. What is the remainder when v is divided by 7?
6
Let k = 6 - -9. What is the remainder when 42 is divided by k?
12
Let z = -2 + 92. What is the remainder when z is divided by 23?
21
Let m = -23 - -14. Calculate the remainder when 6/4*(-84)/m is divided by 12/8*32/6.
6
Suppose 0 = -l - 1 - 2. Let z be (0/l + 0)/(-1). Suppose -62 = -3*y - 5*f, z*f - 2 = -2*f. Calculate the remainder when 37 is divided by y.
18
Let j be (-1)/(-4) + 66/24. What is the remainder when j/5 - 24/(-10) is divided by 3?
0
Let s be 2*((-2 - -43) + -3). Suppose s - 11 = 5*r. Let x = -75 - -113. Calculate the remainder when x is divided by r.
12
Let w = 14 - 11. Suppose w*c + 54 - 18 = 3*p, -4*p - 5*c + 57 = 0. What is the remainder when 62 is divided by p?
10
Let m(t) = -t**3 + 9*t**2 - 7*t. Let n = 14 - 6. Suppose 4*z = -5*w - 13, 4*z + z - 2*w = 25. What is the remainder when m(n) is divided by z?
2
Let u be -2 + 9 - 4/2. Suppose 5*z + u = 90. What is the remainder when z is divided by 9?
8
Calculate the remainder when (4/(-10))/((-12)/1980) is divided by 17.
15
What is the remainder when 84 is divided by 3/1*2*3?
12
Suppose 31 - 107 = -4*x + 5*o, -3*x = 5*o - 57. Let d = x - -32. Calculate the remainder when d is divided by 26.
25
Let j = 1 - -3. Let z(i) = 4*i - 12. Let l be z(-9). What is the remainder when j is divided by l/(-21) + (-2)/7?
0
Suppose n + 4*n - 170 = 5*l, 3*n - 106 = 5*l. Calculate the remainder when n is divided by 18.
14
Suppose z - 5*g - 27 = -7, -15 = 3*g. Let o(w) = -w**3 - 3*w**2 - 4*w - 1. Calculate the remainder when o(z) is divided by 24.
21
Suppose 2 = s - 3*t, -s + 4*t + 0*t = 3. What is the remainder when 43 is divided by s?
9
Suppose 4*f - 29 - 67 = 0. What is the remainder when 141 is divided by f?
21
Let k(m) = -m**3 - 10*m**2 + m + 14. Calculate the remainder when 9 is divided by k(-10).
1
Let d = 104 + -60. What is the remainder when 175 is divided by d?
43
Let n = 12 - -27. Let q = 10 - -11. Calculate the remainder when n is divided by q.
18
Suppose -w - 4*s + 5 = 0, -2*w + 5*s = -7 - 3. Suppose 0 = l - w*l + 12. What is the remainder when 3 is divided by l?
0
Let b(u) = -15*u**3 + u + 1. Let p be b(-1). Let s = 30 - p. Calculate the remainder when s is divided by (0 + 0 + 8)*1.
7
Let f be 5*(3/1)/3. Suppose f*i - 3*i = 0. Suppose i = -5*u + 25, -k = -u - u - 4. Calculate the remainder when k is divided by 5.
4
Let l = 35 + -34. Suppose 2*i + 3 = 5*i. Calculate the remainder when l is divided by i.
0
Let j = 9 - -10. What is the remainder when 94 is divided by j?
18
Let w(d) = -5*d + 25. Let n(v) = -9*v + 50. Let f(p) = -3*n(p) + 5*w(p). Calculate the remainder when (0 + -1)/(1/(-15)) is divided by f(17).
6
Let b(j) = j**3 + 12*j**2 + 11*j + 2. Let c be b(-11). Suppose c*g - 69 - 1 = v, -v + 182 = 5*g. Calculate the remainder when g is divided by 13.
10
Let b be 2/(-4) - (-9)/2. Suppose -40 = -9*x + b*x. What is the remainder when 30 is divided by x?
6
Let t be 4/2 - (1 - 0). Suppose 0 = o - 3 + t. Suppose o*b = -4*w + 34, -w + 4*b = 3*b - 7. Calculate the remainder when 23 is divided by w.
7
Suppose v = 3*v - 10. Calculate the remainder when 4/10 + 203/v is divided by 11.
8
Suppose 0*g - g - 3*v = -11, -2*g - 4*v + 20 = 0. Calculate the remainder when 29 is divided by g.
5
Suppose 2*u = -4, -2*r + 2*u - 126 = u. Suppose -2*b = -b + 41. Let m = b - r. Calculate the remainder when m is divided by 12.
11
Suppose -l + 120 = 2*l. Calculate the remainder when l is divided by (-7 + 9)/(1/7).
12
Let b = 38 + -23. Let u = b - 2. What is the remainder when 50 is divided by u?
11
Suppose 21 = 2*m - 3*b, -46 = -5*m + 4*b - 4. What is the remainder when m is divided by 3?
0
Suppose 5*b + 16 - 51 = 0. What is the remainder when 55 is divided by b?
6
What is the remainder when 14 is divided by (0 + 3)/((-4)/(-12))?
5
Let w = 11 - 4. Let p = w + -5. Suppose 3*y - 7 = p*y. What is the remainder when y is divided by 3?
1
Suppose -59 = -k + 5*c, 3*k = -4*c + 129 + 10. Suppose 3*z - 13 = 2*z. Suppose -z = g - 2*g. Calculate the remainder when k is divided by g.
10
Calculate the remainder when 25 is divided by 10 + (-2 - 0) - 1*-1.
7
Calculate the remainder when (-3)/15 + -131*(-1)/5 is divided b